{"id":3948,"date":"2022-06-26T16:05:52","date_gmt":"2022-06-26T15:05:52","guid":{"rendered":"https:\/\/www.oadc.cz\/?page_id=3948"},"modified":"2024-09-02T22:01:52","modified_gmt":"2024-09-02T21:01:52","slug":"akce-nasich-zaku","status":"publish","type":"page","link":"https:\/\/www.oadc.cz\/index.php\/akce-nasich-zaku\/","title":{"rendered":"Akce na\u0161ich \u017e\u00e1k\u016f"},"content":{"rendered":"\t\t<div data-elementor-type=\"wp-page\" data-elementor-id=\"3948\" class=\"elementor elementor-3948\" data-elementor-post-type=\"page\">\n\t\t\t\t\t\t<section class=\"elementor-section elementor-top-section elementor-element elementor-element-bd027f5 elementor-section-boxed elementor-section-height-default elementor-section-height-default\" data-id=\"bd027f5\" data-element_type=\"section\">\n\t\t\t\t\t\t<div class=\"elementor-container elementor-column-gap-default\">\n\t\t\t\t\t<div class=\"elementor-column elementor-col-100 elementor-top-column elementor-element elementor-element-63864ee\" data-id=\"63864ee\" data-element_type=\"column\">\n\t\t\t<div class=\"elementor-widget-wrap elementor-element-populated\">\n\t\t\t\t\t\t<div class=\"elementor-element elementor-element-a5efa0d elementor-widget elementor-widget-heading\" data-id=\"a5efa0d\" data-element_type=\"widget\" data-widget_type=\"heading.default\">\n\t\t\t\t<div class=\"elementor-widget-container\">\n\t\t\t<style>\/*! elementor - v3.19.0 - 26-02-2024 *\/\n.elementor-heading-title{padding:0;margin:0;line-height:1}.elementor-widget-heading .elementor-heading-title[class*=elementor-size-]>a{color:inherit;font-size:inherit;line-height:inherit}.elementor-widget-heading .elementor-heading-title.elementor-size-small{font-size:15px}.elementor-widget-heading .elementor-heading-title.elementor-size-medium{font-size:19px}.elementor-widget-heading .elementor-heading-title.elementor-size-large{font-size:29px}.elementor-widget-heading .elementor-heading-title.elementor-size-xl{font-size:39px}.elementor-widget-heading .elementor-heading-title.elementor-size-xxl{font-size:59px}<\/style><h4 class=\"elementor-heading-title elementor-size-default\">Akce na\u0161ich \u017e\u00e1k\u016f<\/h4>\t\t<\/div>\n\t\t\t\t<\/div>\n\t\t\t\t<div class=\"elementor-element elementor-element-ab2802d elementor-widget elementor-widget-text-editor\" data-id=\"ab2802d\" data-element_type=\"widget\" data-widget_type=\"text-editor.default\">\n\t\t\t\t<div class=\"elementor-widget-container\">\n\t\t\t<style>\/*! elementor - v3.19.0 - 26-02-2024 *\/\n.elementor-widget-text-editor.elementor-drop-cap-view-stacked .elementor-drop-cap{background-color:#69727d;color:#fff}.elementor-widget-text-editor.elementor-drop-cap-view-framed .elementor-drop-cap{color:#69727d;border:3px solid;background-color:transparent}.elementor-widget-text-editor:not(.elementor-drop-cap-view-default) .elementor-drop-cap{margin-top:8px}.elementor-widget-text-editor:not(.elementor-drop-cap-view-default) .elementor-drop-cap-letter{width:1em;height:1em}.elementor-widget-text-editor .elementor-drop-cap{float:left;text-align:center;line-height:1;font-size:50px}.elementor-widget-text-editor .elementor-drop-cap-letter{display:inline-block}<\/style>\t\t\t\t\t\t\t\t\t\t<\/div>\n\t\t\t\t<\/div>\n\t\t\t\t<section class=\"elementor-section elementor-inner-section elementor-element elementor-element-9a7f852 elementor-section-boxed elementor-section-height-default elementor-section-height-default\" data-id=\"9a7f852\" data-element_type=\"section\">\n\t\t\t\t\t\t<div class=\"elementor-container elementor-column-gap-default\">\n\t\t\t\t\t<div class=\"elementor-column elementor-col-33 elementor-inner-column elementor-element elementor-element-c2531fe\" data-id=\"c2531fe\" data-element_type=\"column\">\n\t\t\t<div class=\"elementor-widget-wrap elementor-element-populated\">\n\t\t\t\t\t\t<div class=\"elementor-element elementor-element-99cc8f8 elementor-position-top elementor-widget elementor-widget-image-box\" data-id=\"99cc8f8\" data-element_type=\"widget\" data-widget_type=\"image-box.default\">\n\t\t\t\t<div class=\"elementor-widget-container\">\n\t\t\t<style>\/*! elementor - v3.19.0 - 26-02-2024 *\/\n.elementor-widget-image-box .elementor-image-box-content{width:100%}@media (min-width:768px){.elementor-widget-image-box.elementor-position-left .elementor-image-box-wrapper,.elementor-widget-image-box.elementor-position-right .elementor-image-box-wrapper{display:flex}.elementor-widget-image-box.elementor-position-right .elementor-image-box-wrapper{text-align:right;flex-direction:row-reverse}.elementor-widget-image-box.elementor-position-left .elementor-image-box-wrapper{text-align:left;flex-direction:row}.elementor-widget-image-box.elementor-position-top .elementor-image-box-img{margin:auto}.elementor-widget-image-box.elementor-vertical-align-top .elementor-image-box-wrapper{align-items:flex-start}.elementor-widget-image-box.elementor-vertical-align-middle .elementor-image-box-wrapper{align-items:center}.elementor-widget-image-box.elementor-vertical-align-bottom .elementor-image-box-wrapper{align-items:flex-end}}@media (max-width:767px){.elementor-widget-image-box .elementor-image-box-img{margin-left:auto!important;margin-right:auto!important;margin-bottom:15px}}.elementor-widget-image-box .elementor-image-box-img{display:inline-block}.elementor-widget-image-box .elementor-image-box-title a{color:inherit}.elementor-widget-image-box .elementor-image-box-wrapper{text-align:center}.elementor-widget-image-box .elementor-image-box-description{margin:0}<\/style><div class=\"elementor-image-box-wrapper\"><figure class=\"elementor-image-box-img\"><a href=\"https:\/\/www.oadc.cz\/index.php\/detsky-den-lesni-vily\/\" tabindex=\"-1\"><img fetchpriority=\"high\" decoding=\"async\" width=\"300\" height=\"300\" src=\"https:\/\/www.oadc.cz\/wp-content\/uploads\/2024\/09\/03-DD-res-300x300.jpg\" class=\"attachment-post-thumbnail size-post-thumbnail wp-image-8677\" alt=\"D\u011btsk\u00fd den - Lesn\u00ed v\u00edly\" srcset=\"https:\/\/www.oadc.cz\/wp-content\/uploads\/2024\/09\/03-DD-res-300x300.jpg 300w, https:\/\/www.oadc.cz\/wp-content\/uploads\/2024\/09\/03-DD-res-150x150.jpg 150w\" sizes=\"(max-width: 300px) 100vw, 300px\" \/><\/a><\/figure><div class=\"elementor-image-box-content\"><h3 class=\"elementor-image-box-title\"><a href=\"https:\/\/www.oadc.cz\/index.php\/detsky-den-lesni-vily\/\">D\u011btsk\u00fd den - Lesn\u00ed v\u00edly<\/a><\/h3><p class=\"elementor-image-box-description\">T\u00fdm \u201eLesn\u00ed v\u00edly\u201c ze t\u0159\u00eddy 3.A zorganizoval v r\u00e1mci projektov\u00e9ho \u0159\u00edzen\u00ed d\u011btsk\u00fd den pro d\u011bti.<\/p><\/div><\/div>\t\t<\/div>\n\t\t\t\t<\/div>\n\t\t\t\t\t<\/div>\n\t\t<\/div>\n\t\t\t\t<div class=\"elementor-column elementor-col-33 elementor-inner-column elementor-element elementor-element-106d769\" data-id=\"106d769\" data-element_type=\"column\">\n\t\t\t<div class=\"elementor-widget-wrap elementor-element-populated\">\n\t\t\t\t\t\t<div class=\"elementor-element elementor-element-245f115 elementor-position-top elementor-widget elementor-widget-image-box\" data-id=\"245f115\" data-element_type=\"widget\" data-widget_type=\"image-box.default\">\n\t\t\t\t<div class=\"elementor-widget-container\">\n\t\t\t<div class=\"elementor-image-box-wrapper\"><figure class=\"elementor-image-box-img\"><a href=\"https:\/\/www.oadc.cz\/index.php\/detsky-den-pro-zs-machovo-namesti\/\" tabindex=\"-1\"><img decoding=\"async\" width=\"300\" height=\"300\" src=\"https:\/\/www.oadc.cz\/wp-content\/uploads\/2024\/09\/image3-res-300x300.jpg\" class=\"attachment-post-thumbnail size-post-thumbnail wp-image-8684\" alt=\"D\u011btsk\u00fd den pro Z\u0160 M\u00e1chovo n\u00e1m\u011bst\u00ed\" srcset=\"https:\/\/www.oadc.cz\/wp-content\/uploads\/2024\/09\/image3-res-300x300.jpg 300w, https:\/\/www.oadc.cz\/wp-content\/uploads\/2024\/09\/image3-res-150x150.jpg 150w\" sizes=\"(max-width: 300px) 100vw, 300px\" \/><\/a><\/figure><div class=\"elementor-image-box-content\"><h3 class=\"elementor-image-box-title\"><a href=\"https:\/\/www.oadc.cz\/index.php\/detsky-den-pro-zs-machovo-namesti\/\">D\u011btsk\u00fd den pro Z\u0160 M\u00e1chovo n\u00e1m\u011bst\u00ed<\/a><\/h3><p class=\"elementor-image-box-description\">D\u011btsk\u00fd den pro prvn\u00ed ro\u010dn\u00edky z\u00e1kladn\u00ed \u0161koly M\u00e1chovo n\u00e1m\u011bst\u00ed.<\/p><\/div><\/div>\t\t<\/div>\n\t\t\t\t<\/div>\n\t\t\t\t\t<\/div>\n\t\t<\/div>\n\t\t\t\t<div class=\"elementor-column elementor-col-33 elementor-inner-column elementor-element elementor-element-89e7cf7\" data-id=\"89e7cf7\" data-element_type=\"column\">\n\t\t\t<div class=\"elementor-widget-wrap elementor-element-populated\">\n\t\t\t\t\t\t<div class=\"elementor-element elementor-element-e600189 elementor-position-top elementor-widget elementor-widget-image-box\" data-id=\"e600189\" data-element_type=\"widget\" data-widget_type=\"image-box.default\">\n\t\t\t\t<div class=\"elementor-widget-container\">\n\t\t\t<div class=\"elementor-image-box-wrapper\"><figure class=\"elementor-image-box-img\"><a href=\"https:\/\/www.oadc.cz\/index.php\/fotbalovy-turnaj-pro-zs-komenskeho\/\" tabindex=\"-1\"><img decoding=\"async\" width=\"300\" height=\"300\" src=\"https:\/\/www.oadc.cz\/wp-content\/uploads\/2024\/09\/05-florbal-res-300x300.jpg\" class=\"attachment-post-thumbnail size-post-thumbnail wp-image-8693\" alt=\"Fotbalov\u00fd turnaj pro Z\u0160 Komensk\u00e9ho\" srcset=\"https:\/\/www.oadc.cz\/wp-content\/uploads\/2024\/09\/05-florbal-res-300x300.jpg 300w, https:\/\/www.oadc.cz\/wp-content\/uploads\/2024\/09\/05-florbal-res-150x150.jpg 150w\" sizes=\"(max-width: 300px) 100vw, 300px\" \/><\/a><\/figure><div class=\"elementor-image-box-content\"><h3 class=\"elementor-image-box-title\"><a href=\"https:\/\/www.oadc.cz\/index.php\/fotbalovy-turnaj-pro-zs-komenskeho\/\">Fotbalov\u00fd turnaj pro Z\u0160 Komensk\u00e9ho<\/a><\/h3><p class=\"elementor-image-box-description\">Fotbalov\u00fd turnaj pro \u017e\u00e1ky 3. t\u0159\u00eddy.<\/p><\/div><\/div>\t\t<\/div>\n\t\t\t\t<\/div>\n\t\t\t\t\t<\/div>\n\t\t<\/div>\n\t\t\t\t\t<\/div>\n\t\t<\/section>\n\t\t\t\t<section class=\"elementor-section elementor-inner-section elementor-element elementor-element-8dc5267 elementor-section-boxed elementor-section-height-default elementor-section-height-default\" data-id=\"8dc5267\" data-element_type=\"section\">\n\t\t\t\t\t\t<div class=\"elementor-container elementor-column-gap-default\">\n\t\t\t\t\t<div class=\"elementor-column elementor-col-33 elementor-inner-column elementor-element elementor-element-70343bb\" data-id=\"70343bb\" data-element_type=\"column\">\n\t\t\t<div class=\"elementor-widget-wrap elementor-element-populated\">\n\t\t\t\t\t\t<div class=\"elementor-element elementor-element-d95fec4 elementor-position-top elementor-widget elementor-widget-image-box\" data-id=\"d95fec4\" data-element_type=\"widget\" data-widget_type=\"image-box.default\">\n\t\t\t\t<div class=\"elementor-widget-container\">\n\t\t\t<div class=\"elementor-image-box-wrapper\"><figure class=\"elementor-image-box-img\"><a href=\"https:\/\/www.oadc.cz\/index.php\/materske-centrum-rakosnicek\/\" tabindex=\"-1\"><img loading=\"lazy\" decoding=\"async\" width=\"300\" height=\"300\" src=\"https:\/\/www.oadc.cz\/wp-content\/uploads\/2024\/09\/02-Rakosnicek-res-300x300.jpg\" class=\"attachment-post-thumbnail size-post-thumbnail wp-image-8699\" alt=\"Mate\u0159sk\u00e9 centrum R\u00e1kosn\u00ed\u010dek\" srcset=\"https:\/\/www.oadc.cz\/wp-content\/uploads\/2024\/09\/02-Rakosnicek-res-300x300.jpg 300w, https:\/\/www.oadc.cz\/wp-content\/uploads\/2024\/09\/02-Rakosnicek-res-150x150.jpg 150w\" sizes=\"(max-width: 300px) 100vw, 300px\" \/><\/a><\/figure><div class=\"elementor-image-box-content\"><h3 class=\"elementor-image-box-title\"><a href=\"https:\/\/www.oadc.cz\/index.php\/materske-centrum-rakosnicek\/\">Mate\u0159sk\u00e9 centrum R\u00e1kosn\u00ed\u010dek<\/a><\/h3><p class=\"elementor-image-box-description\">D\u011btsk\u00fd den pro d\u011bti z mate\u0159sk\u00e9ho centra R\u00e1kosn\u00ed\u010dek.<\/p><\/div><\/div>\t\t<\/div>\n\t\t\t\t<\/div>\n\t\t\t\t\t<\/div>\n\t\t<\/div>\n\t\t\t\t<div class=\"elementor-column elementor-col-33 elementor-inner-column elementor-element elementor-element-3b13612\" data-id=\"3b13612\" data-element_type=\"column\">\n\t\t\t<div class=\"elementor-widget-wrap elementor-element-populated\">\n\t\t\t\t\t\t<div class=\"elementor-element elementor-element-ebad6c1 elementor-position-top elementor-widget elementor-widget-image-box\" data-id=\"ebad6c1\" data-element_type=\"widget\" data-widget_type=\"image-box.default\">\n\t\t\t\t<div class=\"elementor-widget-container\">\n\t\t\t<div class=\"elementor-image-box-wrapper\"><figure class=\"elementor-image-box-img\"><a href=\"https:\/\/www.oadc.cz\/index.php\/tanecni-odpoledne-pro-ts-prestige\/\" tabindex=\"-1\"><img loading=\"lazy\" decoding=\"async\" width=\"300\" height=\"300\" src=\"https:\/\/www.oadc.cz\/wp-content\/uploads\/2024\/09\/07-Prestige-res-300x300.jpg\" class=\"attachment-post-thumbnail size-post-thumbnail wp-image-8711\" alt=\"Tane\u010dn\u00ed odpoledne pro TS Prestige\" srcset=\"https:\/\/www.oadc.cz\/wp-content\/uploads\/2024\/09\/07-Prestige-res-300x300.jpg 300w, https:\/\/www.oadc.cz\/wp-content\/uploads\/2024\/09\/07-Prestige-res-150x150.jpg 150w\" sizes=\"(max-width: 300px) 100vw, 300px\" \/><\/a><\/figure><div class=\"elementor-image-box-content\"><h3 class=\"elementor-image-box-title\"><a href=\"https:\/\/www.oadc.cz\/index.php\/tanecni-odpoledne-pro-ts-prestige\/\">Tane\u010dn\u00ed odpoledne pro TS Prestige<\/a><\/h3><p class=\"elementor-image-box-description\">Z\u00e1bavn\u00e9 odpoledne pro  d\u011bti z tane\u010dn\u00ed skupiny Prestige.<\/p><\/div><\/div>\t\t<\/div>\n\t\t\t\t<\/div>\n\t\t\t\t\t<\/div>\n\t\t<\/div>\n\t\t\t\t<div class=\"elementor-column elementor-col-33 elementor-inner-column elementor-element elementor-element-e335ee6\" data-id=\"e335ee6\" data-element_type=\"column\">\n\t\t\t<div class=\"elementor-widget-wrap elementor-element-populated\">\n\t\t\t\t\t\t<div class=\"elementor-element elementor-element-5419e0b elementor-position-top elementor-widget elementor-widget-image-box\" data-id=\"5419e0b\" data-element_type=\"widget\" data-widget_type=\"image-box.default\">\n\t\t\t\t<div class=\"elementor-widget-container\">\n\t\t\t<div class=\"elementor-image-box-wrapper\"><figure class=\"elementor-image-box-img\"><a href=\"https:\/\/www.oadc.cz\/index.php\/volejbalovy-turnaj\/\" tabindex=\"-1\"><img loading=\"lazy\" decoding=\"async\" width=\"300\" height=\"300\" src=\"https:\/\/www.oadc.cz\/wp-content\/uploads\/2024\/09\/05-Volejbal-res-300x300.jpg\" class=\"attachment-post-thumbnail size-post-thumbnail wp-image-8717\" alt=\"Volejbalov\u00fd turnaj\" srcset=\"https:\/\/www.oadc.cz\/wp-content\/uploads\/2024\/09\/05-Volejbal-res-300x300.jpg 300w, https:\/\/www.oadc.cz\/wp-content\/uploads\/2024\/09\/05-Volejbal-res-150x150.jpg 150w\" sizes=\"(max-width: 300px) 100vw, 300px\" \/><\/a><\/figure><div class=\"elementor-image-box-content\"><h3 class=\"elementor-image-box-title\"><a href=\"https:\/\/www.oadc.cz\/index.php\/volejbalovy-turnaj\/\">Volejbalov\u00fd turnaj<\/a><\/h3><p class=\"elementor-image-box-description\">Volejbalov\u00fd turnaj pro \u017e\u00e1ky Evropsk\u00e9 obchodn\u00ed akademie v D\u011b\u010d\u00edn\u011b.<\/p><\/div><\/div>\t\t<\/div>\n\t\t\t\t<\/div>\n\t\t\t\t\t<\/div>\n\t\t<\/div>\n\t\t\t\t\t<\/div>\n\t\t<\/section>\n\t\t\t\t<section class=\"elementor-section elementor-inner-section elementor-element elementor-element-698db84 elementor-section-boxed elementor-section-height-default elementor-section-height-default\" data-id=\"698db84\" data-element_type=\"section\">\n\t\t\t\t\t\t<div class=\"elementor-container elementor-column-gap-default\">\n\t\t\t\t\t<div class=\"elementor-column elementor-col-33 elementor-inner-column elementor-element elementor-element-cc8864f\" data-id=\"cc8864f\" data-element_type=\"column\">\n\t\t\t<div class=\"elementor-widget-wrap\">\n\t\t\t\t\t\t\t<\/div>\n\t\t<\/div>\n\t\t\t\t<div class=\"elementor-column elementor-col-33 elementor-inner-column elementor-element elementor-element-81a7153\" data-id=\"81a7153\" data-element_type=\"column\">\n\t\t\t<div class=\"elementor-widget-wrap elementor-element-populated\">\n\t\t\t\t\t\t<div class=\"elementor-element elementor-element-02ff5ea elementor-position-top elementor-widget elementor-widget-image-box\" data-id=\"02ff5ea\" data-element_type=\"widget\" data-widget_type=\"image-box.default\">\n\t\t\t\t<div class=\"elementor-widget-container\">\n\t\t\t<div class=\"elementor-image-box-wrapper\"><figure class=\"elementor-image-box-img\"><a href=\"https:\/\/www.oadc.cz\/index.php\/zabavny-den-pro-zs-na-pesine\/\" tabindex=\"-1\"><img loading=\"lazy\" decoding=\"async\" width=\"300\" height=\"300\" src=\"https:\/\/www.oadc.cz\/wp-content\/uploads\/2024\/09\/04-Pesina-res-300x300.jpg\" class=\"attachment-post-thumbnail size-post-thumbnail wp-image-8723\" alt=\"Z\u00e1bavn\u00fd den pro Z\u0160 Na P\u011b\u0161in\u011b\" srcset=\"https:\/\/www.oadc.cz\/wp-content\/uploads\/2024\/09\/04-Pesina-res-300x300.jpg 300w, https:\/\/www.oadc.cz\/wp-content\/uploads\/2024\/09\/04-Pesina-res-150x150.jpg 150w\" sizes=\"(max-width: 300px) 100vw, 300px\" \/><\/a><\/figure><div class=\"elementor-image-box-content\"><h3 class=\"elementor-image-box-title\"><a href=\"https:\/\/www.oadc.cz\/index.php\/zabavny-den-pro-zs-na-pesine\/\">Z\u00e1bavn\u00fd den pro Z\u0160 Na P\u011b\u0161in\u011b<\/a><\/h3><p class=\"elementor-image-box-description\">Z\u00e1bavn\u00fd den pro Z\u0160 Na P\u011b\u0161in\u011b.<\/p><\/div><\/div>\t\t<\/div>\n\t\t\t\t<\/div>\n\t\t\t\t\t<\/div>\n\t\t<\/div>\n\t\t\t\t<div class=\"elementor-column elementor-col-33 elementor-inner-column elementor-element elementor-element-11dc712\" data-id=\"11dc712\" data-element_type=\"column\">\n\t\t\t<div class=\"elementor-widget-wrap\">\n\t\t\t\t\t\t\t<\/div>\n\t\t<\/div>\n\t\t\t\t\t<\/div>\n\t\t<\/section>\n\t\t\t\t\t<\/div>\n\t\t<\/div>\n\t\t\t\t\t<\/div>\n\t\t<\/section>\n\t\t\t\t<\/div>\n\t\t","protected":false},"excerpt":{"rendered":"<p>Akce na\u0161ich \u017e\u00e1k\u016f D\u011btsk\u00fd den &#8211; Lesn\u00ed v\u00edly T\u00fdm \u201eLesn\u00ed v\u00edly\u201c ze t\u0159\u00eddy 3.A zorganizoval v r\u00e1mci projektov\u00e9ho \u0159\u00edzen\u00ed d\u011btsk\u00fd den pro d\u011bti. D\u011btsk\u00fd den pro Z\u0160 M\u00e1chovo n\u00e1m\u011bst\u00ed D\u011btsk\u00fd den pro prvn\u00ed ro\u010dn\u00edky z\u00e1kladn\u00ed \u0161koly M\u00e1chovo n\u00e1m\u011bst\u00ed. Fotbalov\u00fd turnaj pro Z\u0160 Komensk\u00e9ho Fotbalov\u00fd turnaj pro \u017e\u00e1ky 3. t\u0159\u00eddy. Mate\u0159sk\u00e9 centrum R\u00e1kosn\u00ed\u010dek D\u011btsk\u00fd den pro [&hellip;]<\/p>\n","protected":false},"author":2,"featured_media":0,"parent":0,"menu_order":0,"comment_status":"closed","ping_status":"closed","template":"template-parts\/template-homepage.php","meta":{"footnotes":""},"yoast_head":"<!-- This site is optimized with the Yoast SEO plugin v22.1 - https:\/\/yoast.com\/wordpress\/plugins\/seo\/ -->\n<title>Akce na\u0161ich \u017e\u00e1k\u016f - Evropsk\u00e1 obchodn\u00ed akademie<\/title>\n<meta name=\"robots\" content=\"index, follow, max-snippet:-1, max-image-preview:large, max-video-preview:-1\" \/>\n<link rel=\"canonical\" href=\"https:\/\/www.oadc.cz\/index.php\/akce-nasich-zaku\/\" \/>\n<meta property=\"og:locale\" content=\"cs_CZ\" \/>\n<meta property=\"og:type\" content=\"article\" \/>\n<meta property=\"og:title\" content=\"Akce na\u0161ich \u017e\u00e1k\u016f - Evropsk\u00e1 obchodn\u00ed akademie\" \/>\n<meta property=\"og:description\" content=\"Akce na\u0161ich \u017e\u00e1k\u016f D\u011btsk\u00fd den &#8211; Lesn\u00ed v\u00edly T\u00fdm \u201eLesn\u00ed v\u00edly\u201c ze t\u0159\u00eddy 3.A zorganizoval v r\u00e1mci projektov\u00e9ho \u0159\u00edzen\u00ed d\u011btsk\u00fd den pro d\u011bti. D\u011btsk\u00fd den pro Z\u0160 M\u00e1chovo n\u00e1m\u011bst\u00ed D\u011btsk\u00fd den pro prvn\u00ed ro\u010dn\u00edky z\u00e1kladn\u00ed \u0161koly M\u00e1chovo n\u00e1m\u011bst\u00ed. Fotbalov\u00fd turnaj pro Z\u0160 Komensk\u00e9ho Fotbalov\u00fd turnaj pro \u017e\u00e1ky 3. t\u0159\u00eddy. Mate\u0159sk\u00e9 centrum R\u00e1kosn\u00ed\u010dek D\u011btsk\u00fd den pro [&hellip;]\" \/>\n<meta property=\"og:url\" content=\"https:\/\/www.oadc.cz\/index.php\/akce-nasich-zaku\/\" \/>\n<meta property=\"og:site_name\" content=\"Evropsk\u00e1 obchodn\u00ed akademie\" \/>\n<meta property=\"article:publisher\" content=\"https:\/\/www.facebook.com\/eoadc\" \/>\n<meta property=\"article:modified_time\" content=\"2024-09-02T21:01:52+00:00\" \/>\n<meta property=\"og:image\" content=\"https:\/\/www.oadc.cz\/wp-content\/uploads\/2024\/09\/03-DD-res-300x300.jpg\" \/>\n<meta name=\"twitter:card\" content=\"summary_large_image\" \/>\n<meta name=\"twitter:label1\" content=\"Odhadovan\u00e1 doba \u010dten\u00ed\" \/>\n\t<meta name=\"twitter:data1\" content=\"2 minuty\" \/>\n<script type=\"application\/ld+json\" class=\"yoast-schema-graph\">{\"@context\":\"https:\/\/schema.org\",\"@graph\":[{\"@type\":\"WebPage\",\"@id\":\"https:\/\/www.oadc.cz\/index.php\/akce-nasich-zaku\/\",\"url\":\"https:\/\/www.oadc.cz\/index.php\/akce-nasich-zaku\/\",\"name\":\"Akce na\u0161ich \u017e\u00e1k\u016f - Evropsk\u00e1 obchodn\u00ed akademie\",\"isPartOf\":{\"@id\":\"https:\/\/www.oadc.cz\/#website\"},\"datePublished\":\"2022-06-26T15:05:52+00:00\",\"dateModified\":\"2024-09-02T21:01:52+00:00\",\"breadcrumb\":{\"@id\":\"https:\/\/www.oadc.cz\/index.php\/akce-nasich-zaku\/#breadcrumb\"},\"inLanguage\":\"cs\",\"potentialAction\":[{\"@type\":\"ReadAction\",\"target\":[\"https:\/\/www.oadc.cz\/index.php\/akce-nasich-zaku\/\"]}]},{\"@type\":\"BreadcrumbList\",\"@id\":\"https:\/\/www.oadc.cz\/index.php\/akce-nasich-zaku\/#breadcrumb\",\"itemListElement\":[{\"@type\":\"ListItem\",\"position\":1,\"name\":\"Dom\u016f\",\"item\":\"https:\/\/www.oadc.cz\/\"},{\"@type\":\"ListItem\",\"position\":2,\"name\":\"Akce na\u0161ich \u017e\u00e1k\u016f\"}]},{\"@type\":\"WebSite\",\"@id\":\"https:\/\/www.oadc.cz\/#website\",\"url\":\"https:\/\/www.oadc.cz\/\",\"name\":\"Evropsk\u00e1 obchodn\u00ed akademie\",\"description\":\"st\u0159edn\u00ed odborn\u00e1 \u0161kola v D\u011b\u010d\u00edn\u011b\",\"publisher\":{\"@id\":\"https:\/\/www.oadc.cz\/#organization\"},\"potentialAction\":[{\"@type\":\"SearchAction\",\"target\":{\"@type\":\"EntryPoint\",\"urlTemplate\":\"https:\/\/www.oadc.cz\/?s={search_term_string}\"},\"query-input\":\"required name=search_term_string\"}],\"inLanguage\":\"cs\"},{\"@type\":\"Organization\",\"@id\":\"https:\/\/www.oadc.cz\/#organization\",\"name\":\"Evropsk\u00e1 Obchodn\u00ed Akademie\",\"url\":\"https:\/\/www.oadc.cz\/\",\"logo\":{\"@type\":\"ImageObject\",\"inLanguage\":\"cs\",\"@id\":\"https:\/\/www.oadc.cz\/#\/schema\/logo\/image\/\",\"url\":\"https:\/\/www.oadc.cz\/wp-content\/uploads\/2020\/12\/EOA-logo_upr.png\",\"contentUrl\":\"https:\/\/www.oadc.cz\/wp-content\/uploads\/2020\/12\/EOA-logo_upr.png\",\"width\":850,\"height\":632,\"caption\":\"Evropsk\u00e1 Obchodn\u00ed Akademie\"},\"image\":{\"@id\":\"https:\/\/www.oadc.cz\/#\/schema\/logo\/image\/\"},\"sameAs\":[\"https:\/\/www.facebook.com\/eoadc\",\"https:\/\/www.instagram.com\/eoa.dc\/\"]}]}<\/script>\n<!-- \/ Yoast SEO plugin. -->","yoast_head_json":{"title":"Akce na\u0161ich \u017e\u00e1k\u016f - Evropsk\u00e1 obchodn\u00ed akademie","robots":{"index":"index","follow":"follow","max-snippet":"max-snippet:-1","max-image-preview":"max-image-preview:large","max-video-preview":"max-video-preview:-1"},"canonical":"https:\/\/www.oadc.cz\/index.php\/akce-nasich-zaku\/","og_locale":"cs_CZ","og_type":"article","og_title":"Akce na\u0161ich \u017e\u00e1k\u016f - Evropsk\u00e1 obchodn\u00ed akademie","og_description":"Akce na\u0161ich \u017e\u00e1k\u016f D\u011btsk\u00fd den &#8211; Lesn\u00ed v\u00edly T\u00fdm \u201eLesn\u00ed v\u00edly\u201c ze t\u0159\u00eddy 3.A zorganizoval v r\u00e1mci projektov\u00e9ho \u0159\u00edzen\u00ed d\u011btsk\u00fd den pro d\u011bti. D\u011btsk\u00fd den pro Z\u0160 M\u00e1chovo n\u00e1m\u011bst\u00ed D\u011btsk\u00fd den pro prvn\u00ed ro\u010dn\u00edky z\u00e1kladn\u00ed \u0161koly M\u00e1chovo n\u00e1m\u011bst\u00ed. Fotbalov\u00fd turnaj pro Z\u0160 Komensk\u00e9ho Fotbalov\u00fd turnaj pro \u017e\u00e1ky 3. t\u0159\u00eddy. Mate\u0159sk\u00e9 centrum R\u00e1kosn\u00ed\u010dek D\u011btsk\u00fd den pro [&hellip;]","og_url":"https:\/\/www.oadc.cz\/index.php\/akce-nasich-zaku\/","og_site_name":"Evropsk\u00e1 obchodn\u00ed akademie","article_publisher":"https:\/\/www.facebook.com\/eoadc","article_modified_time":"2024-09-02T21:01:52+00:00","og_image":[{"url":"https:\/\/www.oadc.cz\/wp-content\/uploads\/2024\/09\/03-DD-res-300x300.jpg"}],"twitter_card":"summary_large_image","twitter_misc":{"Odhadovan\u00e1 doba \u010dten\u00ed":"2 minuty"},"schema":{"@context":"https:\/\/schema.org","@graph":[{"@type":"WebPage","@id":"https:\/\/www.oadc.cz\/index.php\/akce-nasich-zaku\/","url":"https:\/\/www.oadc.cz\/index.php\/akce-nasich-zaku\/","name":"Akce na\u0161ich \u017e\u00e1k\u016f - Evropsk\u00e1 obchodn\u00ed akademie","isPartOf":{"@id":"https:\/\/www.oadc.cz\/#website"},"datePublished":"2022-06-26T15:05:52+00:00","dateModified":"2024-09-02T21:01:52+00:00","breadcrumb":{"@id":"https:\/\/www.oadc.cz\/index.php\/akce-nasich-zaku\/#breadcrumb"},"inLanguage":"cs","potentialAction":[{"@type":"ReadAction","target":["https:\/\/www.oadc.cz\/index.php\/akce-nasich-zaku\/"]}]},{"@type":"BreadcrumbList","@id":"https:\/\/www.oadc.cz\/index.php\/akce-nasich-zaku\/#breadcrumb","itemListElement":[{"@type":"ListItem","position":1,"name":"Dom\u016f","item":"https:\/\/www.oadc.cz\/"},{"@type":"ListItem","position":2,"name":"Akce na\u0161ich \u017e\u00e1k\u016f"}]},{"@type":"WebSite","@id":"https:\/\/www.oadc.cz\/#website","url":"https:\/\/www.oadc.cz\/","name":"Evropsk\u00e1 obchodn\u00ed akademie","description":"st\u0159edn\u00ed odborn\u00e1 \u0161kola v D\u011b\u010d\u00edn\u011b","publisher":{"@id":"https:\/\/www.oadc.cz\/#organization"},"potentialAction":[{"@type":"SearchAction","target":{"@type":"EntryPoint","urlTemplate":"https:\/\/www.oadc.cz\/?s={search_term_string}"},"query-input":"required name=search_term_string"}],"inLanguage":"cs"},{"@type":"Organization","@id":"https:\/\/www.oadc.cz\/#organization","name":"Evropsk\u00e1 Obchodn\u00ed Akademie","url":"https:\/\/www.oadc.cz\/","logo":{"@type":"ImageObject","inLanguage":"cs","@id":"https:\/\/www.oadc.cz\/#\/schema\/logo\/image\/","url":"https:\/\/www.oadc.cz\/wp-content\/uploads\/2020\/12\/EOA-logo_upr.png","contentUrl":"https:\/\/www.oadc.cz\/wp-content\/uploads\/2020\/12\/EOA-logo_upr.png","width":850,"height":632,"caption":"Evropsk\u00e1 Obchodn\u00ed Akademie"},"image":{"@id":"https:\/\/www.oadc.cz\/#\/schema\/logo\/image\/"},"sameAs":["https:\/\/www.facebook.com\/eoadc","https:\/\/www.instagram.com\/eoa.dc\/"]}]}},"_links":{"self":[{"href":"https:\/\/www.oadc.cz\/index.php\/wp-json\/wp\/v2\/pages\/3948"}],"collection":[{"href":"https:\/\/www.oadc.cz\/index.php\/wp-json\/wp\/v2\/pages"}],"about":[{"href":"https:\/\/www.oadc.cz\/index.php\/wp-json\/wp\/v2\/types\/page"}],"author":[{"embeddable":true,"href":"https:\/\/www.oadc.cz\/index.php\/wp-json\/wp\/v2\/users\/2"}],"replies":[{"embeddable":true,"href":"https:\/\/www.oadc.cz\/index.php\/wp-json\/wp\/v2\/comments?post=3948"}],"version-history":[{"count":96,"href":"https:\/\/www.oadc.cz\/index.php\/wp-json\/wp\/v2\/pages\/3948\/revisions"}],"predecessor-version":[{"id":8797,"href":"https:\/\/www.oadc.cz\/index.php\/wp-json\/wp\/v2\/pages\/3948\/revisions\/8797"}],"wp:attachment":[{"href":"https:\/\/www.oadc.cz\/index.php\/wp-json\/wp\/v2\/media?parent=3948"}],"curies":[{"name":"wp","href":"https:\/\/api.w.org\/{rel}","templated":true}]}}