{"id":261,"date":"2020-12-03T13:24:00","date_gmt":"2020-12-03T12:24:00","guid":{"rendered":"http:\/\/oadc.dchosting.cz\/?page_id=261"},"modified":"2021-02-23T15:32:49","modified_gmt":"2021-02-23T14:32:49","slug":"zamereni","status":"publish","type":"page","link":"https:\/\/www.oadc.cz\/index.php\/zamereni\/","title":{"rendered":"Zam\u011b\u0159en\u00ed"},"content":{"rendered":"\t\t<div data-elementor-type=\"wp-page\" data-elementor-id=\"261\" class=\"elementor elementor-261\" data-elementor-post-type=\"page\">\n\t\t\t\t\t\t<section class=\"elementor-section elementor-top-section elementor-element elementor-element-74d43bf elementor-section-content-middle elementor-section-boxed elementor-section-height-default elementor-section-height-default\" data-id=\"74d43bf\" data-element_type=\"section\">\n\t\t\t\t\t\t<div class=\"elementor-container elementor-column-gap-no\">\n\t\t\t\t\t<div class=\"elementor-column elementor-col-100 elementor-top-column elementor-element elementor-element-828e45d\" data-id=\"828e45d\" data-element_type=\"column\">\n\t\t\t<div class=\"elementor-widget-wrap elementor-element-populated\">\n\t\t\t\t\t\t<div class=\"elementor-element elementor-element-11edd63 elementor-widget elementor-widget-heading\" data-id=\"11edd63\" data-element_type=\"widget\" data-widget_type=\"heading.default\">\n\t\t\t\t<div class=\"elementor-widget-container\">\n\t\t\t<style>\/*! elementor - v3.19.0 - 26-02-2024 *\/\n.elementor-heading-title{padding:0;margin:0;line-height:1}.elementor-widget-heading .elementor-heading-title[class*=elementor-size-]>a{color:inherit;font-size:inherit;line-height:inherit}.elementor-widget-heading .elementor-heading-title.elementor-size-small{font-size:15px}.elementor-widget-heading .elementor-heading-title.elementor-size-medium{font-size:19px}.elementor-widget-heading .elementor-heading-title.elementor-size-large{font-size:29px}.elementor-widget-heading .elementor-heading-title.elementor-size-xl{font-size:39px}.elementor-widget-heading .elementor-heading-title.elementor-size-xxl{font-size:59px}<\/style><h4 class=\"elementor-heading-title elementor-size-default\">Studijn\u00ed zam\u011b\u0159en\u00ed<\/h4>\t\t<\/div>\n\t\t\t\t<\/div>\n\t\t\t\t<div class=\"elementor-element elementor-element-40f82e4 elementor-widget elementor-widget-heading\" data-id=\"40f82e4\" data-element_type=\"widget\" data-widget_type=\"heading.default\">\n\t\t\t\t<div class=\"elementor-widget-container\">\n\t\t\t<h5 class=\"elementor-heading-title elementor-size-default\">Otev\u00edr\u00e1me  4 t\u0159\u00eddy \u010dty\u0159let\u00e9ho studia s maturitou v t\u011bchto zam\u011b\u0159en\u00edch:<\/h5>\t\t<\/div>\n\t\t\t\t<\/div>\n\t\t\t\t<section class=\"elementor-section elementor-inner-section elementor-element elementor-element-2fec6ed elementor-section-content-middle elementor-section-boxed elementor-section-height-default elementor-section-height-default\" data-id=\"2fec6ed\" data-element_type=\"section\">\n\t\t\t\t\t\t<div class=\"elementor-container elementor-column-gap-no\">\n\t\t\t\t\t<div class=\"elementor-column elementor-col-50 elementor-inner-column elementor-element elementor-element-90e98ff\" data-id=\"90e98ff\" data-element_type=\"column\">\n\t\t\t<div class=\"elementor-widget-wrap elementor-element-populated\">\n\t\t\t\t\t\t<div class=\"elementor-element elementor-element-ec9e25f elementor-position-top elementor-widget elementor-widget-image-box\" data-id=\"ec9e25f\" data-element_type=\"widget\" data-widget_type=\"image-box.default\">\n\t\t\t\t<div class=\"elementor-widget-container\">\n\t\t\t<style>\/*! elementor - v3.19.0 - 26-02-2024 *\/\n.elementor-widget-image-box .elementor-image-box-content{width:100%}@media (min-width:768px){.elementor-widget-image-box.elementor-position-left .elementor-image-box-wrapper,.elementor-widget-image-box.elementor-position-right .elementor-image-box-wrapper{display:flex}.elementor-widget-image-box.elementor-position-right .elementor-image-box-wrapper{text-align:right;flex-direction:row-reverse}.elementor-widget-image-box.elementor-position-left .elementor-image-box-wrapper{text-align:left;flex-direction:row}.elementor-widget-image-box.elementor-position-top .elementor-image-box-img{margin:auto}.elementor-widget-image-box.elementor-vertical-align-top .elementor-image-box-wrapper{align-items:flex-start}.elementor-widget-image-box.elementor-vertical-align-middle .elementor-image-box-wrapper{align-items:center}.elementor-widget-image-box.elementor-vertical-align-bottom .elementor-image-box-wrapper{align-items:flex-end}}@media (max-width:767px){.elementor-widget-image-box .elementor-image-box-img{margin-left:auto!important;margin-right:auto!important;margin-bottom:15px}}.elementor-widget-image-box .elementor-image-box-img{display:inline-block}.elementor-widget-image-box .elementor-image-box-title a{color:inherit}.elementor-widget-image-box .elementor-image-box-wrapper{text-align:center}.elementor-widget-image-box .elementor-image-box-description{margin:0}<\/style><div class=\"elementor-image-box-wrapper\"><figure class=\"elementor-image-box-img\"><a href=\"https:\/\/www.oadc.cz\/index.php\/zamereni\/digitalni-marketing-a-komunikace\/\" tabindex=\"-1\"><img fetchpriority=\"high\" decoding=\"async\" width=\"300\" height=\"199\" src=\"https:\/\/www.oadc.cz\/wp-content\/uploads\/2021\/01\/DMK-3-1-300x199.jpg\" class=\"elementor-animation-shrink attachment-medium size-medium wp-image-1709\" alt=\"Digit\u00e1ln\u00ed marketing\" srcset=\"https:\/\/www.oadc.cz\/wp-content\/uploads\/2021\/01\/DMK-3-1-300x199.jpg 300w, https:\/\/www.oadc.cz\/wp-content\/uploads\/2021\/01\/DMK-3-1-768x509.jpg 768w, https:\/\/www.oadc.cz\/wp-content\/uploads\/2021\/01\/DMK-3-1.jpg 885w\" sizes=\"(max-width: 300px) 100vw, 300px\" \/><\/a><\/figure><div class=\"elementor-image-box-content\"><h3 class=\"elementor-image-box-title\"><a href=\"https:\/\/www.oadc.cz\/index.php\/zamereni\/digitalni-marketing-a-komunikace\/\">DIGIT\u00c1LN\u00cd MARKETING A KOMUNIKACE<\/a><\/h3><p class=\"elementor-image-box-description\">\u25cf zjisti, jak funguj\u00ed weby a soci\u00e1ln\u00ed s\u00edt\u011b\n<br>\n\u25cf prezentuj sebe a svou firmu v online prost\u0159ed\u00ed\n<br>\n\u25cf p\u0159iprav si svou vlastn\u00ed marketingovou kampa\u0148<\/p><\/div><\/div>\t\t<\/div>\n\t\t\t\t<\/div>\n\t\t\t\t\t<\/div>\n\t\t<\/div>\n\t\t\t\t<div class=\"elementor-column elementor-col-50 elementor-inner-column elementor-element elementor-element-62fa6ff\" data-id=\"62fa6ff\" data-element_type=\"column\">\n\t\t\t<div class=\"elementor-widget-wrap elementor-element-populated\">\n\t\t\t\t\t\t<div class=\"elementor-element elementor-element-096e8ef elementor-position-top elementor-widget elementor-widget-image-box\" data-id=\"096e8ef\" data-element_type=\"widget\" data-widget_type=\"image-box.default\">\n\t\t\t\t<div class=\"elementor-widget-container\">\n\t\t\t<div class=\"elementor-image-box-wrapper\"><figure class=\"elementor-image-box-img\"><a href=\"http:\/\/www.oadc.cz\/index.php\/zamereni\/evropsky-hospodarsky-asistent\/\" tabindex=\"-1\"><img decoding=\"async\" width=\"300\" height=\"200\" src=\"https:\/\/www.oadc.cz\/wp-content\/uploads\/2021\/01\/EHA-1-300x200.jpg\" class=\"elementor-animation-shrink attachment-medium size-medium wp-image-1713\" alt=\"\" srcset=\"https:\/\/www.oadc.cz\/wp-content\/uploads\/2021\/01\/EHA-1-300x200.jpg 300w, https:\/\/www.oadc.cz\/wp-content\/uploads\/2021\/01\/EHA-1-1024x683.jpg 1024w, https:\/\/www.oadc.cz\/wp-content\/uploads\/2021\/01\/EHA-1-768x512.jpg 768w, https:\/\/www.oadc.cz\/wp-content\/uploads\/2021\/01\/EHA-1-1536x1024.jpg 1536w, https:\/\/www.oadc.cz\/wp-content\/uploads\/2021\/01\/EHA-1.jpg 1920w\" sizes=\"(max-width: 300px) 100vw, 300px\" \/><\/a><\/figure><div class=\"elementor-image-box-content\"><h3 class=\"elementor-image-box-title\"><a href=\"http:\/\/www.oadc.cz\/index.php\/zamereni\/evropsky-hospodarsky-asistent\/\">EVROPSK\u00dd HOSPOD\u00c1\u0158SK\u00dd ASISTENT<\/a><\/h3><p class=\"elementor-image-box-description\">\u25cf zjisti, jak funguj\u00ed podniky a organizace<br>\n\u25cf nau\u010d se rozv\u00edjet vlastn\u00ed podnikatelsk\u00e9 aktivity<br>\n\u25cf zalo\u017e si bankovn\u00ed \u00fa\u010det, sestav si rozpo\u010det, po\u017e\u00e1dej o \u00fav\u011br<\/p><\/div><\/div>\t\t<\/div>\n\t\t\t\t<\/div>\n\t\t\t\t\t<\/div>\n\t\t<\/div>\n\t\t\t\t\t<\/div>\n\t\t<\/section>\n\t\t\t\t<section class=\"elementor-section elementor-inner-section elementor-element elementor-element-9eb3b28 elementor-section-content-middle elementor-section-boxed elementor-section-height-default elementor-section-height-default\" data-id=\"9eb3b28\" data-element_type=\"section\">\n\t\t\t\t\t\t<div class=\"elementor-container elementor-column-gap-no\">\n\t\t\t\t\t<div class=\"elementor-column elementor-col-50 elementor-inner-column elementor-element elementor-element-1bf8347\" data-id=\"1bf8347\" data-element_type=\"column\">\n\t\t\t<div class=\"elementor-widget-wrap elementor-element-populated\">\n\t\t\t\t\t\t<div class=\"elementor-element elementor-element-d981e67 elementor-position-top elementor-widget elementor-widget-image-box\" data-id=\"d981e67\" data-element_type=\"widget\" data-widget_type=\"image-box.default\">\n\t\t\t\t<div class=\"elementor-widget-container\">\n\t\t\t<div class=\"elementor-image-box-wrapper\"><figure class=\"elementor-image-box-img\"><a href=\"http:\/\/www.oadc.cz\/index.php\/zamereni\/kreativita-podnikani\/\" tabindex=\"-1\"><img decoding=\"async\" width=\"300\" height=\"200\" src=\"https:\/\/www.oadc.cz\/wp-content\/uploads\/2021\/01\/KRE-1-300x200.jpg\" class=\"elementor-animation-shrink attachment-medium size-medium wp-image-1717\" alt=\"Kreativita\" srcset=\"https:\/\/www.oadc.cz\/wp-content\/uploads\/2021\/01\/KRE-1-300x200.jpg 300w, https:\/\/www.oadc.cz\/wp-content\/uploads\/2021\/01\/KRE-1-1024x683.jpg 1024w, https:\/\/www.oadc.cz\/wp-content\/uploads\/2021\/01\/KRE-1-768x512.jpg 768w, https:\/\/www.oadc.cz\/wp-content\/uploads\/2021\/01\/KRE-1-1536x1024.jpg 1536w, https:\/\/www.oadc.cz\/wp-content\/uploads\/2021\/01\/KRE-1.jpg 1920w\" sizes=\"(max-width: 300px) 100vw, 300px\" \/><\/a><\/figure><div class=\"elementor-image-box-content\"><h3 class=\"elementor-image-box-title\"><a href=\"http:\/\/www.oadc.cz\/index.php\/zamereni\/kreativita-podnikani\/\">KREATIVITA PODNIK\u00c1N\u00cd<\/a><\/h3><p class=\"elementor-image-box-description\">\u25cf \u017e\u00e1ci se prakticky zam\u011b\u0159uj\u00ed p\u0159edev\u0161\u00edm na chod organizac\u00ed a podnik\u016f a mo\u017en\u00fd rozvoj vlastn\u00edch podnikatelsk\u00fdch aktivit\n\u25cf absolventi mohou zakl\u00e1dat vlastn\u00ed firmy, pracovat ve v\u0161ech oblastech n\u00e1rodn\u00edho hospod\u00e1\u0159stv\u00ed, pr\u016fmyslu, bankovnictv\u00ed, poji\u0161\u0165ovnictv\u00ed a pod.<\/p><\/div><\/div>\t\t<\/div>\n\t\t\t\t<\/div>\n\t\t\t\t\t<\/div>\n\t\t<\/div>\n\t\t\t\t<div class=\"elementor-column elementor-col-50 elementor-inner-column elementor-element elementor-element-02a41c5\" data-id=\"02a41c5\" data-element_type=\"column\">\n\t\t\t<div class=\"elementor-widget-wrap elementor-element-populated\">\n\t\t\t\t\t\t<div class=\"elementor-element elementor-element-8b65294 elementor-position-top elementor-widget elementor-widget-image-box\" data-id=\"8b65294\" data-element_type=\"widget\" data-widget_type=\"image-box.default\">\n\t\t\t\t<div class=\"elementor-widget-container\">\n\t\t\t<div class=\"elementor-image-box-wrapper\"><figure class=\"elementor-image-box-img\"><a href=\"http:\/\/www.oadc.cz\/index.php\/zamereni\/sportovni-marketing-a-management\/\" tabindex=\"-1\"><img loading=\"lazy\" decoding=\"async\" width=\"300\" height=\"199\" src=\"https:\/\/www.oadc.cz\/wp-content\/uploads\/2021\/01\/SMM-1-300x199.jpg\" class=\"elementor-animation-shrink attachment-medium size-medium wp-image-1721\" alt=\"SMM\" srcset=\"https:\/\/www.oadc.cz\/wp-content\/uploads\/2021\/01\/SMM-1-300x199.jpg 300w, https:\/\/www.oadc.cz\/wp-content\/uploads\/2021\/01\/SMM-1-1024x680.jpg 1024w, https:\/\/www.oadc.cz\/wp-content\/uploads\/2021\/01\/SMM-1-768x510.jpg 768w, https:\/\/www.oadc.cz\/wp-content\/uploads\/2021\/01\/SMM-1-1536x1020.jpg 1536w, https:\/\/www.oadc.cz\/wp-content\/uploads\/2021\/01\/SMM-1.jpg 1920w\" sizes=\"(max-width: 300px) 100vw, 300px\" \/><\/a><\/figure><div class=\"elementor-image-box-content\"><h3 class=\"elementor-image-box-title\"><a href=\"http:\/\/www.oadc.cz\/index.php\/zamereni\/sportovni-marketing-a-management\/\">SPORTOVN\u00cd MARKETING A MANAGEMENT<\/a><\/h3><p class=\"elementor-image-box-description\">\u25cf studuj st\u0159edn\u00ed \u0161kolu a d\u00e1l aktivn\u011b sportuj<br>\n\u25cf poznej, jak funguj\u00ed sportovn\u00ed kluby<br>\n\u25cf z\u00edskej dovednosti pro \u0159\u00edzen\u00ed v oblasti sportu<\/p><\/div><\/div>\t\t<\/div>\n\t\t\t\t<\/div>\n\t\t\t\t\t<\/div>\n\t\t<\/div>\n\t\t\t\t\t<\/div>\n\t\t<\/section>\n\t\t\t\t\t<\/div>\n\t\t<\/div>\n\t\t\t\t\t<\/div>\n\t\t<\/section>\n\t\t\t\t<\/div>\n\t\t","protected":false},"excerpt":{"rendered":"<p>Studijn\u00ed zam\u011b\u0159en\u00ed Otev\u00edr\u00e1me 4 t\u0159\u00eddy \u010dty\u0159let\u00e9ho studia s maturitou v t\u011bchto zam\u011b\u0159en\u00edch: DIGIT\u00c1LN\u00cd MARKETING A KOMUNIKACE \u25cf zjisti, jak funguj\u00ed weby a soci\u00e1ln\u00ed s\u00edt\u011b \u25cf prezentuj sebe a svou firmu v online prost\u0159ed\u00ed \u25cf p\u0159iprav si svou vlastn\u00ed marketingovou kampa\u0148 EVROPSK\u00dd HOSPOD\u00c1\u0158SK\u00dd ASISTENT \u25cf zjisti, jak funguj\u00ed podniky a organizace \u25cf nau\u010d se rozv\u00edjet vlastn\u00ed [&hellip;]<\/p>\n","protected":false},"author":1,"featured_media":0,"parent":0,"menu_order":0,"comment_status":"closed","ping_status":"closed","template":"template-parts\/template-homepage.php","meta":{"footnotes":""},"yoast_head":"<!-- This site is optimized with the Yoast SEO plugin v22.1 - https:\/\/yoast.com\/wordpress\/plugins\/seo\/ -->\n<title>Zam\u011b\u0159en\u00ed - Evropsk\u00e1 obchodn\u00ed akademie<\/title>\n<meta name=\"robots\" content=\"index, follow, max-snippet:-1, max-image-preview:large, max-video-preview:-1\" \/>\n<link rel=\"canonical\" href=\"https:\/\/www.oadc.cz\/index.php\/zamereni\/\" \/>\n<meta property=\"og:locale\" content=\"cs_CZ\" \/>\n<meta property=\"og:type\" content=\"article\" \/>\n<meta property=\"og:title\" content=\"Zam\u011b\u0159en\u00ed - Evropsk\u00e1 obchodn\u00ed akademie\" \/>\n<meta property=\"og:description\" content=\"Studijn\u00ed zam\u011b\u0159en\u00ed Otev\u00edr\u00e1me 4 t\u0159\u00eddy \u010dty\u0159let\u00e9ho studia s maturitou v t\u011bchto zam\u011b\u0159en\u00edch: DIGIT\u00c1LN\u00cd MARKETING A KOMUNIKACE \u25cf zjisti, jak funguj\u00ed weby a soci\u00e1ln\u00ed s\u00edt\u011b \u25cf prezentuj sebe a svou firmu v online prost\u0159ed\u00ed \u25cf p\u0159iprav si svou vlastn\u00ed marketingovou kampa\u0148 EVROPSK\u00dd HOSPOD\u00c1\u0158SK\u00dd ASISTENT \u25cf zjisti, jak funguj\u00ed podniky a organizace \u25cf nau\u010d se rozv\u00edjet vlastn\u00ed [&hellip;]\" \/>\n<meta property=\"og:url\" content=\"https:\/\/www.oadc.cz\/index.php\/zamereni\/\" \/>\n<meta property=\"og:site_name\" content=\"Evropsk\u00e1 obchodn\u00ed akademie\" \/>\n<meta property=\"article:publisher\" content=\"https:\/\/www.facebook.com\/eoadc\" \/>\n<meta property=\"article:modified_time\" content=\"2021-02-23T14:32:49+00:00\" \/>\n<meta property=\"og:image\" content=\"https:\/\/www.oadc.cz\/wp-content\/uploads\/2021\/01\/DMK-3-1-300x199.jpg\" \/>\n<meta name=\"twitter:card\" content=\"summary_large_image\" \/>\n<meta name=\"twitter:label1\" content=\"Odhadovan\u00e1 doba \u010dten\u00ed\" \/>\n\t<meta name=\"twitter:data1\" content=\"1 minuta\" \/>\n<script type=\"application\/ld+json\" class=\"yoast-schema-graph\">{\"@context\":\"https:\/\/schema.org\",\"@graph\":[{\"@type\":\"WebPage\",\"@id\":\"https:\/\/www.oadc.cz\/index.php\/zamereni\/\",\"url\":\"https:\/\/www.oadc.cz\/index.php\/zamereni\/\",\"name\":\"Zam\u011b\u0159en\u00ed - Evropsk\u00e1 obchodn\u00ed akademie\",\"isPartOf\":{\"@id\":\"https:\/\/www.oadc.cz\/#website\"},\"datePublished\":\"2020-12-03T12:24:00+00:00\",\"dateModified\":\"2021-02-23T14:32:49+00:00\",\"breadcrumb\":{\"@id\":\"https:\/\/www.oadc.cz\/index.php\/zamereni\/#breadcrumb\"},\"inLanguage\":\"cs\",\"potentialAction\":[{\"@type\":\"ReadAction\",\"target\":[\"https:\/\/www.oadc.cz\/index.php\/zamereni\/\"]}]},{\"@type\":\"BreadcrumbList\",\"@id\":\"https:\/\/www.oadc.cz\/index.php\/zamereni\/#breadcrumb\",\"itemListElement\":[{\"@type\":\"ListItem\",\"position\":1,\"name\":\"Dom\u016f\",\"item\":\"https:\/\/www.oadc.cz\/\"},{\"@type\":\"ListItem\",\"position\":2,\"name\":\"Zam\u011b\u0159en\u00ed\"}]},{\"@type\":\"WebSite\",\"@id\":\"https:\/\/www.oadc.cz\/#website\",\"url\":\"https:\/\/www.oadc.cz\/\",\"name\":\"Evropsk\u00e1 obchodn\u00ed akademie\",\"description\":\"st\u0159edn\u00ed odborn\u00e1 \u0161kola v D\u011b\u010d\u00edn\u011b\",\"publisher\":{\"@id\":\"https:\/\/www.oadc.cz\/#organization\"},\"potentialAction\":[{\"@type\":\"SearchAction\",\"target\":{\"@type\":\"EntryPoint\",\"urlTemplate\":\"https:\/\/www.oadc.cz\/?s={search_term_string}\"},\"query-input\":\"required name=search_term_string\"}],\"inLanguage\":\"cs\"},{\"@type\":\"Organization\",\"@id\":\"https:\/\/www.oadc.cz\/#organization\",\"name\":\"Evropsk\u00e1 Obchodn\u00ed Akademie\",\"url\":\"https:\/\/www.oadc.cz\/\",\"logo\":{\"@type\":\"ImageObject\",\"inLanguage\":\"cs\",\"@id\":\"https:\/\/www.oadc.cz\/#\/schema\/logo\/image\/\",\"url\":\"https:\/\/www.oadc.cz\/wp-content\/uploads\/2020\/12\/EOA-logo_upr.png\",\"contentUrl\":\"https:\/\/www.oadc.cz\/wp-content\/uploads\/2020\/12\/EOA-logo_upr.png\",\"width\":850,\"height\":632,\"caption\":\"Evropsk\u00e1 Obchodn\u00ed Akademie\"},\"image\":{\"@id\":\"https:\/\/www.oadc.cz\/#\/schema\/logo\/image\/\"},\"sameAs\":[\"https:\/\/www.facebook.com\/eoadc\",\"https:\/\/www.instagram.com\/eoa.dc\/\"]}]}<\/script>\n<!-- \/ Yoast SEO plugin. -->","yoast_head_json":{"title":"Zam\u011b\u0159en\u00ed - Evropsk\u00e1 obchodn\u00ed akademie","robots":{"index":"index","follow":"follow","max-snippet":"max-snippet:-1","max-image-preview":"max-image-preview:large","max-video-preview":"max-video-preview:-1"},"canonical":"https:\/\/www.oadc.cz\/index.php\/zamereni\/","og_locale":"cs_CZ","og_type":"article","og_title":"Zam\u011b\u0159en\u00ed - Evropsk\u00e1 obchodn\u00ed akademie","og_description":"Studijn\u00ed zam\u011b\u0159en\u00ed Otev\u00edr\u00e1me 4 t\u0159\u00eddy \u010dty\u0159let\u00e9ho studia s maturitou v t\u011bchto zam\u011b\u0159en\u00edch: DIGIT\u00c1LN\u00cd MARKETING A KOMUNIKACE \u25cf zjisti, jak funguj\u00ed weby a soci\u00e1ln\u00ed s\u00edt\u011b \u25cf prezentuj sebe a svou firmu v online prost\u0159ed\u00ed \u25cf p\u0159iprav si svou vlastn\u00ed marketingovou kampa\u0148 EVROPSK\u00dd HOSPOD\u00c1\u0158SK\u00dd ASISTENT \u25cf zjisti, jak funguj\u00ed podniky a organizace \u25cf nau\u010d se rozv\u00edjet vlastn\u00ed [&hellip;]","og_url":"https:\/\/www.oadc.cz\/index.php\/zamereni\/","og_site_name":"Evropsk\u00e1 obchodn\u00ed akademie","article_publisher":"https:\/\/www.facebook.com\/eoadc","article_modified_time":"2021-02-23T14:32:49+00:00","og_image":[{"url":"https:\/\/www.oadc.cz\/wp-content\/uploads\/2021\/01\/DMK-3-1-300x199.jpg"}],"twitter_card":"summary_large_image","twitter_misc":{"Odhadovan\u00e1 doba \u010dten\u00ed":"1 minuta"},"schema":{"@context":"https:\/\/schema.org","@graph":[{"@type":"WebPage","@id":"https:\/\/www.oadc.cz\/index.php\/zamereni\/","url":"https:\/\/www.oadc.cz\/index.php\/zamereni\/","name":"Zam\u011b\u0159en\u00ed - Evropsk\u00e1 obchodn\u00ed akademie","isPartOf":{"@id":"https:\/\/www.oadc.cz\/#website"},"datePublished":"2020-12-03T12:24:00+00:00","dateModified":"2021-02-23T14:32:49+00:00","breadcrumb":{"@id":"https:\/\/www.oadc.cz\/index.php\/zamereni\/#breadcrumb"},"inLanguage":"cs","potentialAction":[{"@type":"ReadAction","target":["https:\/\/www.oadc.cz\/index.php\/zamereni\/"]}]},{"@type":"BreadcrumbList","@id":"https:\/\/www.oadc.cz\/index.php\/zamereni\/#breadcrumb","itemListElement":[{"@type":"ListItem","position":1,"name":"Dom\u016f","item":"https:\/\/www.oadc.cz\/"},{"@type":"ListItem","position":2,"name":"Zam\u011b\u0159en\u00ed"}]},{"@type":"WebSite","@id":"https:\/\/www.oadc.cz\/#website","url":"https:\/\/www.oadc.cz\/","name":"Evropsk\u00e1 obchodn\u00ed akademie","description":"st\u0159edn\u00ed odborn\u00e1 \u0161kola v D\u011b\u010d\u00edn\u011b","publisher":{"@id":"https:\/\/www.oadc.cz\/#organization"},"potentialAction":[{"@type":"SearchAction","target":{"@type":"EntryPoint","urlTemplate":"https:\/\/www.oadc.cz\/?s={search_term_string}"},"query-input":"required name=search_term_string"}],"inLanguage":"cs"},{"@type":"Organization","@id":"https:\/\/www.oadc.cz\/#organization","name":"Evropsk\u00e1 Obchodn\u00ed Akademie","url":"https:\/\/www.oadc.cz\/","logo":{"@type":"ImageObject","inLanguage":"cs","@id":"https:\/\/www.oadc.cz\/#\/schema\/logo\/image\/","url":"https:\/\/www.oadc.cz\/wp-content\/uploads\/2020\/12\/EOA-logo_upr.png","contentUrl":"https:\/\/www.oadc.cz\/wp-content\/uploads\/2020\/12\/EOA-logo_upr.png","width":850,"height":632,"caption":"Evropsk\u00e1 Obchodn\u00ed Akademie"},"image":{"@id":"https:\/\/www.oadc.cz\/#\/schema\/logo\/image\/"},"sameAs":["https:\/\/www.facebook.com\/eoadc","https:\/\/www.instagram.com\/eoa.dc\/"]}]}},"_links":{"self":[{"href":"https:\/\/www.oadc.cz\/index.php\/wp-json\/wp\/v2\/pages\/261"}],"collection":[{"href":"https:\/\/www.oadc.cz\/index.php\/wp-json\/wp\/v2\/pages"}],"about":[{"href":"https:\/\/www.oadc.cz\/index.php\/wp-json\/wp\/v2\/types\/page"}],"author":[{"embeddable":true,"href":"https:\/\/www.oadc.cz\/index.php\/wp-json\/wp\/v2\/users\/1"}],"replies":[{"embeddable":true,"href":"https:\/\/www.oadc.cz\/index.php\/wp-json\/wp\/v2\/comments?post=261"}],"version-history":[{"count":13,"href":"https:\/\/www.oadc.cz\/index.php\/wp-json\/wp\/v2\/pages\/261\/revisions"}],"predecessor-version":[{"id":2090,"href":"https:\/\/www.oadc.cz\/index.php\/wp-json\/wp\/v2\/pages\/261\/revisions\/2090"}],"wp:attachment":[{"href":"https:\/\/www.oadc.cz\/index.php\/wp-json\/wp\/v2\/media?parent=261"}],"curies":[{"name":"wp","href":"https:\/\/api.w.org\/{rel}","templated":true}]}}