{"version":"1.0","provider_name":"Evropsk\u00e1 obchodn\u00ed akademie","provider_url":"https:\/\/www.oadc.cz","author_name":"Jan Horais","author_url":"https:\/\/www.oadc.cz\/index.php\/author\/jhorais\/","title":"Krajsk\u00e9 fin\u00e1le ve fotbale v Most\u011b\u00a0 - Evropsk\u00e1 obchodn\u00ed akademie","type":"rich","width":600,"height":338,"html":"<blockquote class=\"wp-embedded-content\" data-secret=\"u2rJbOilzw\"><a href=\"https:\/\/www.oadc.cz\/index.php\/2023\/05\/02\/krajske-finale-ve-fotbale-v-moste\/\">Krajsk\u00e9 fin\u00e1le ve fotbale v Most\u011b\u00a0<\/a><\/blockquote><iframe sandbox=\"allow-scripts\" security=\"restricted\" src=\"https:\/\/www.oadc.cz\/index.php\/2023\/05\/02\/krajske-finale-ve-fotbale-v-moste\/embed\/#?secret=u2rJbOilzw\" width=\"600\" height=\"338\" title=\"&#8222;Krajsk\u00e9 fin\u00e1le ve fotbale v Most\u011b\u00a0&#8220; &#8212; Evropsk\u00e1 obchodn\u00ed akademie\" data-secret=\"u2rJbOilzw\" frameborder=\"0\" marginwidth=\"0\" marginheight=\"0\" scrolling=\"no\" class=\"wp-embedded-content\"><\/iframe><script type=\"text\/javascript\">\n\/* <![CDATA[ *\/\n\/*! This file is auto-generated *\/\n!function(d,l){\"use strict\";l.querySelector&&d.addEventListener&&\"undefined\"!=typeof URL&&(d.wp=d.wp||{},d.wp.receiveEmbedMessage||(d.wp.receiveEmbedMessage=function(e){var t=e.data;if((t||t.secret||t.message||t.value)&&!\/[^a-zA-Z0-9]\/.test(t.secret)){for(var s,r,n,a=l.querySelectorAll('iframe[data-secret=\"'+t.secret+'\"]'),o=l.querySelectorAll('blockquote[data-secret=\"'+t.secret+'\"]'),c=new RegExp(\"^https?:$\",\"i\"),i=0;i<o.length;i++)o[i].style.display=\"none\";for(i=0;i<a.length;i++)s=a[i],e.source===s.contentWindow&&(s.removeAttribute(\"style\"),\"height\"===t.message?(1e3<(r=parseInt(t.value,10))?r=1e3:~~r<200&&(r=200),s.height=r):\"link\"===t.message&&(r=new URL(s.getAttribute(\"src\")),n=new URL(t.value),c.test(n.protocol))&&n.host===r.host&&l.activeElement===s&&(d.top.location.href=t.value))}},d.addEventListener(\"message\",d.wp.receiveEmbedMessage,!1),l.addEventListener(\"DOMContentLoaded\",function(){for(var e,t,s=l.querySelectorAll(\"iframe.wp-embedded-content\"),r=0;r<s.length;r++)(t=(e=s[r]).getAttribute(\"data-secret\"))||(t=Math.random().toString(36).substring(2,12),e.src+=\"#?secret=\"+t,e.setAttribute(\"data-secret\",t)),e.contentWindow.postMessage({message:\"ready\",secret:t},\"*\")},!1)))}(window,document);\n\/* ]]> *\/\n<\/script>\n","thumbnail_url":"https:\/\/www.oadc.cz\/wp-content\/uploads\/2023\/05\/20230426_121954-n.jpg","thumbnail_width":1024,"thumbnail_height":487,"description":"Na\u0161e \u0161kola se probojovala na krajsk\u00e9 fin\u00e1le ve fotbale, kter\u00e9 se konalo 26.4. 2023 na h\u0159i\u0161ti FK Ban\u00edk&nbsp; Sou\u0161. Turnaje se z\u00fa\u010dastnilo 15 chlapc\u016f. I kdy\u017e m\u011bli jist\u00e9 obavy ze siln\u00fdch soupe\u0159\u016f z Teplic a Mostu, hra byla vyrovnan\u00e1, bohu\u017eel velmi chud\u00e1 na branky z na\u0161\u00ed strany. \u010ctvrt\u00e9 m\u00edsto v kraji v\u0161ak nen\u00ed v\u016fbec \u0161patn\u00e9.&nbsp;Ho\u0161i [&hellip;]"}

Evropská obchodní akademie

Krajské finále ve fotbale v Mostě  - Evropská obchodní akademie

<blockquote class="wp-embedded-content" data-secret="u2rJbOilzw"><a href="https://www.oadc.cz/index.php/2023/05/02/krajske-finale-ve-fotbale-v-moste/">Krajské finále ve fotbale v Mostě </a></blockquote><iframe sandbox="allow-scripts" security="restricted" src="https://www.oadc.cz/index.php/2023/05/02/krajske-finale-ve-fotbale-v-moste/embed/#?secret=u2rJbOilzw" width="600" height="338" title="&#8222;Krajské finále ve fotbale v Mostě &#8220; &#8212; Evropská obchodní akademie" data-secret="u2rJbOilzw" frameborder="0" marginwidth="0" marginheight="0" scrolling="no" class="wp-embedded-content"></iframe><script type="text/javascript">
/* <![CDATA[ */
/*! This file is auto-generated */
!function(d,l){"use strict";l.querySelector&&d.addEventListener&&"undefined"!=typeof URL&&(d.wp=d.wp||{},d.wp.receiveEmbedMessage||(d.wp.receiveEmbedMessage=function(e){var t=e.data;if((t||t.secret||t.message||t.value)&&!/[^a-zA-Z0-9]/.test(t.secret)){for(var s,r,n,a=l.querySelectorAll('iframe[data-secret="'+t.secret+'"]'),o=l.querySelectorAll('blockquote[data-secret="'+t.secret+'"]'),c=new RegExp("^https?:$","i"),i=0;i<o.length;i++)o[i].style.display="none";for(i=0;i<a.length;i++)s=a[i],e.source===s.contentWindow&&(s.removeAttribute("style"),"height"===t.message?(1e3<(r=parseInt(t.value,10))?r=1e3:~~r<200&&(r=200),s.height=r):"link"===t.message&&(r=new URL(s.getAttribute("src")),n=new URL(t.value),c.test(n.protocol))&&n.host===r.host&&l.activeElement===s&&(d.top.location.href=t.value))}},d.addEventListener("message",d.wp.receiveEmbedMessage,!1),l.addEventListener("DOMContentLoaded",function(){for(var e,t,s=l.querySelectorAll("iframe.wp-embedded-content"),r=0;r<s.length;r++)(t=(e=s[r]).getAttribute("data-secret"))||(t=Math.random().toString(36).substring(2,12),e.src+="#?secret="+t,e.setAttribute("data-secret",t)),e.contentWindow.postMessage({message:"ready",secret:t},"*")},!1)))}(window,document);
/* ]]> */
</script>

Naše škola se probojovala na krajské finále ve fotbale, které se konalo 26.4. 2023 na hřišti FK Baník&nbsp; Souš. Turnaje se zúčastnilo 15 chlapců. I když měli jisté obavy ze silných soupeřů z Teplic a Mostu, hra byla vyrovnaná, bohužel velmi chudá na branky z naší strany. Čtvrté místo v kraji však není vůbec špatné.&nbsp;Hoši [&hellip;]
