{"version":"1.0","provider_name":"Evropsk\u00e1 obchodn\u00ed akademie","provider_url":"https:\/\/www.oadc.cz","author_name":"Jan Horais","author_url":"https:\/\/www.oadc.cz\/index.php\/author\/jhorais\/","title":"Prezenti\u00e1da - krajsk\u00e9 kolo - Evropsk\u00e1 obchodn\u00ed akademie","type":"rich","width":600,"height":338,"html":"<blockquote class=\"wp-embedded-content\" data-secret=\"10f9uuFfX9\"><a href=\"https:\/\/www.oadc.cz\/index.php\/2023\/04\/13\/prezentiada-krajske-kolo\/\">Prezenti\u00e1da &#8211; krajsk\u00e9 kolo<\/a><\/blockquote><iframe sandbox=\"allow-scripts\" security=\"restricted\" src=\"https:\/\/www.oadc.cz\/index.php\/2023\/04\/13\/prezentiada-krajske-kolo\/embed\/#?secret=10f9uuFfX9\" width=\"600\" height=\"338\" title=\"&#8222;Prezenti\u00e1da &#8211; krajsk\u00e9 kolo&#8220; &#8212; Evropsk\u00e1 obchodn\u00ed akademie\" data-secret=\"10f9uuFfX9\" frameborder=\"0\" marginwidth=\"0\" marginheight=\"0\" scrolling=\"no\" class=\"wp-embedded-content\"><\/iframe><script type=\"text\/javascript\">\n\/* <![CDATA[ *\/\n\/*! This file is auto-generated *\/\n!function(d,l){\"use strict\";l.querySelector&&d.addEventListener&&\"undefined\"!=typeof URL&&(d.wp=d.wp||{},d.wp.receiveEmbedMessage||(d.wp.receiveEmbedMessage=function(e){var t=e.data;if((t||t.secret||t.message||t.value)&&!\/[^a-zA-Z0-9]\/.test(t.secret)){for(var s,r,n,a=l.querySelectorAll('iframe[data-secret=\"'+t.secret+'\"]'),o=l.querySelectorAll('blockquote[data-secret=\"'+t.secret+'\"]'),c=new RegExp(\"^https?:$\",\"i\"),i=0;i<o.length;i++)o[i].style.display=\"none\";for(i=0;i<a.length;i++)s=a[i],e.source===s.contentWindow&&(s.removeAttribute(\"style\"),\"height\"===t.message?(1e3<(r=parseInt(t.value,10))?r=1e3:~~r<200&&(r=200),s.height=r):\"link\"===t.message&&(r=new URL(s.getAttribute(\"src\")),n=new URL(t.value),c.test(n.protocol))&&n.host===r.host&&l.activeElement===s&&(d.top.location.href=t.value))}},d.addEventListener(\"message\",d.wp.receiveEmbedMessage,!1),l.addEventListener(\"DOMContentLoaded\",function(){for(var e,t,s=l.querySelectorAll(\"iframe.wp-embedded-content\"),r=0;r<s.length;r++)(t=(e=s[r]).getAttribute(\"data-secret\"))||(t=Math.random().toString(36).substring(2,12),e.src+=\"#?secret=\"+t,e.setAttribute(\"data-secret\",t)),e.contentWindow.postMessage({message:\"ready\",secret:t},\"*\")},!1)))}(window,document);\n\/* ]]> *\/\n<\/script>\n","thumbnail_url":"https:\/\/www.oadc.cz\/wp-content\/uploads\/2023\/03\/image1.jpg","thumbnail_width":655,"thumbnail_height":208,"description":"Dne 31. b\u0159ezna 2023 se \u017e\u00e1kyn\u011b t\u0159\u00eddy 2. A Lucie Seidlov\u00e1, Denisa Svobodov\u00e1 a Karol\u00edna Posp\u00ed\u0161ilov\u00e1 z\u00fa\u010dastnily krajsk\u00e9ho kola sout\u011b\u017ee Prezenti\u00e1da. Ka\u017ed\u00fd t\u00fdm m\u011bl na svoji prezentaci vymezen\u00fd \u010das 7\u201310 minut\u00a0a byl hodnocen odbornou porotou na z\u00e1klad\u011b\u00a0n\u011bkolika krit\u00e9ri\u00ed, jako je verb\u00e1ln\u00ed a nonverb\u00e1ln\u00ed projev, pr\u00e1ce v t\u00fdmu nebo t\u0159eba reakce na dotazy poroty.\u00a0 T\u00fdm D&amp;L&amp;K [&hellip;]"}

Evropská obchodní akademie

Prezentiáda - krajské kolo - Evropská obchodní akademie

<blockquote class="wp-embedded-content" data-secret="10f9uuFfX9"><a href="https://www.oadc.cz/index.php/2023/04/13/prezentiada-krajske-kolo/">Prezentiáda &#8211; krajské kolo</a></blockquote><iframe sandbox="allow-scripts" security="restricted" src="https://www.oadc.cz/index.php/2023/04/13/prezentiada-krajske-kolo/embed/#?secret=10f9uuFfX9" width="600" height="338" title="&#8222;Prezentiáda &#8211; krajské kolo&#8220; &#8212; Evropská obchodní akademie" data-secret="10f9uuFfX9" frameborder="0" marginwidth="0" marginheight="0" scrolling="no" class="wp-embedded-content"></iframe><script type="text/javascript">
/* <![CDATA[ */
/*! This file is auto-generated */
!function(d,l){"use strict";l.querySelector&&d.addEventListener&&"undefined"!=typeof URL&&(d.wp=d.wp||{},d.wp.receiveEmbedMessage||(d.wp.receiveEmbedMessage=function(e){var t=e.data;if((t||t.secret||t.message||t.value)&&!/[^a-zA-Z0-9]/.test(t.secret)){for(var s,r,n,a=l.querySelectorAll('iframe[data-secret="'+t.secret+'"]'),o=l.querySelectorAll('blockquote[data-secret="'+t.secret+'"]'),c=new RegExp("^https?:$","i"),i=0;i<o.length;i++)o[i].style.display="none";for(i=0;i<a.length;i++)s=a[i],e.source===s.contentWindow&&(s.removeAttribute("style"),"height"===t.message?(1e3<(r=parseInt(t.value,10))?r=1e3:~~r<200&&(r=200),s.height=r):"link"===t.message&&(r=new URL(s.getAttribute("src")),n=new URL(t.value),c.test(n.protocol))&&n.host===r.host&&l.activeElement===s&&(d.top.location.href=t.value))}},d.addEventListener("message",d.wp.receiveEmbedMessage,!1),l.addEventListener("DOMContentLoaded",function(){for(var e,t,s=l.querySelectorAll("iframe.wp-embedded-content"),r=0;r<s.length;r++)(t=(e=s[r]).getAttribute("data-secret"))||(t=Math.random().toString(36).substring(2,12),e.src+="#?secret="+t,e.setAttribute("data-secret",t)),e.contentWindow.postMessage({message:"ready",secret:t},"*")},!1)))}(window,document);
/* ]]> */
</script>

Dne 31. března 2023 se žákyně třídy 2. A Lucie Seidlová, Denisa Svobodová a Karolína Pospíšilová zúčastnily krajského kola soutěže Prezentiáda. Každý tým měl na svoji prezentaci vymezený čas 7–10 minut a byl hodnocen odbornou porotou na základě několika kritérií, jako je verbální a nonverbální projev, práce v týmu nebo třeba reakce na dotazy poroty.  Tým D&amp;L&amp;K [&hellip;]
