{"version":"1.0","provider_name":"Evropsk\u00e1 obchodn\u00ed akademie","provider_url":"https:\/\/www.oadc.cz","author_name":"Jan Horais","author_url":"https:\/\/www.oadc.cz\/index.php\/author\/jhorais\/","title":"D\u011b\u010d\u00ednsk\u00e1 obchodka spolupracuje s m\u00edstn\u00edmi basketbalisty - Evropsk\u00e1 obchodn\u00ed akademie","type":"rich","width":600,"height":338,"html":"<blockquote class=\"wp-embedded-content\" data-secret=\"DNV02KcqSP\"><a href=\"https:\/\/www.oadc.cz\/index.php\/2021\/05\/07\/decinska-obchodka-spolupracuje-s-mistnimi-basketbalisty\/\">D\u011b\u010d\u00ednsk\u00e1 obchodka spolupracuje s m\u00edstn\u00edmi basketbalisty<\/a><\/blockquote><iframe sandbox=\"allow-scripts\" security=\"restricted\" src=\"https:\/\/www.oadc.cz\/index.php\/2021\/05\/07\/decinska-obchodka-spolupracuje-s-mistnimi-basketbalisty\/embed\/#?secret=DNV02KcqSP\" width=\"600\" height=\"338\" title=\"&#8222;D\u011b\u010d\u00ednsk\u00e1 obchodka spolupracuje s m\u00edstn\u00edmi basketbalisty&#8220; &#8212; Evropsk\u00e1 obchodn\u00ed akademie\" data-secret=\"DNV02KcqSP\" frameborder=\"0\" marginwidth=\"0\" marginheight=\"0\" scrolling=\"no\" class=\"wp-embedded-content\"><\/iframe><script type=\"text\/javascript\">\n\/* <![CDATA[ *\/\n\/*! This file is auto-generated *\/\n!function(d,l){\"use strict\";l.querySelector&&d.addEventListener&&\"undefined\"!=typeof URL&&(d.wp=d.wp||{},d.wp.receiveEmbedMessage||(d.wp.receiveEmbedMessage=function(e){var t=e.data;if((t||t.secret||t.message||t.value)&&!\/[^a-zA-Z0-9]\/.test(t.secret)){for(var s,r,n,a=l.querySelectorAll('iframe[data-secret=\"'+t.secret+'\"]'),o=l.querySelectorAll('blockquote[data-secret=\"'+t.secret+'\"]'),c=new RegExp(\"^https?:$\",\"i\"),i=0;i<o.length;i++)o[i].style.display=\"none\";for(i=0;i<a.length;i++)s=a[i],e.source===s.contentWindow&&(s.removeAttribute(\"style\"),\"height\"===t.message?(1e3<(r=parseInt(t.value,10))?r=1e3:~~r<200&&(r=200),s.height=r):\"link\"===t.message&&(r=new URL(s.getAttribute(\"src\")),n=new URL(t.value),c.test(n.protocol))&&n.host===r.host&&l.activeElement===s&&(d.top.location.href=t.value))}},d.addEventListener(\"message\",d.wp.receiveEmbedMessage,!1),l.addEventListener(\"DOMContentLoaded\",function(){for(var e,t,s=l.querySelectorAll(\"iframe.wp-embedded-content\"),r=0;r<s.length;r++)(t=(e=s[r]).getAttribute(\"data-secret\"))||(t=Math.random().toString(36).substring(2,12),e.src+=\"#?secret=\"+t,e.setAttribute(\"data-secret\",t)),e.contentWindow.postMessage({message:\"ready\",secret:t},\"*\")},!1)))}(window,document);\n\/* ]]> *\/\n<\/script>\n","thumbnail_url":"https:\/\/www.oadc.cz\/wp-content\/uploads\/2021\/05\/Photo-0_2.jpg","thumbnail_width":766,"thumbnail_height":845,"description":"Evropskou obchodn\u00ed akademii D\u011b\u010d\u00edn za\u010d\u00e1tkem kv\u011btna nav\u0161t\u00edvila nov\u00e1 radn\u00ed pro oblast \u0161kolstv\u00ed, ml\u00e1de\u017ee a&nbsp;sportu Ing. Jindra Zalab\u00e1kov\u00e1, kter\u00e1 se sezn\u00e1mila se \u0161kolou a jednotliv\u00fdmi studijn\u00edmi zam\u011b\u0159en\u00edmi. Zaj\u00edmala se mimo jin\u00e9 o vybaven\u00ed \u0161koly, zapojen\u00ed do projektov\u00e9 \u010dinnosti, uplatn\u011bn\u00ed absolvent\u016f nebo o spolupr\u00e1ci s&nbsp;m\u00edstn\u00edmi podniky a organizacemi.&nbsp; P\u0159\u00edkladem dob\u0159e funguj\u00edc\u00ed spolupr\u00e1ce m\u016f\u017ee b\u00fdt ve studijn\u00edm zam\u011b\u0159en\u00ed [&hellip;]"}

Evropská obchodní akademie

Děčínská obchodka spolupracuje s místními basketbalisty - Evropská obchodní akademie

<blockquote class="wp-embedded-content" data-secret="DNV02KcqSP"><a href="https://www.oadc.cz/index.php/2021/05/07/decinska-obchodka-spolupracuje-s-mistnimi-basketbalisty/">Děčínská obchodka spolupracuje s místními basketbalisty</a></blockquote><iframe sandbox="allow-scripts" security="restricted" src="https://www.oadc.cz/index.php/2021/05/07/decinska-obchodka-spolupracuje-s-mistnimi-basketbalisty/embed/#?secret=DNV02KcqSP" width="600" height="338" title="&#8222;Děčínská obchodka spolupracuje s místními basketbalisty&#8220; &#8212; Evropská obchodní akademie" data-secret="DNV02KcqSP" frameborder="0" marginwidth="0" marginheight="0" scrolling="no" class="wp-embedded-content"></iframe><script type="text/javascript">
/* <![CDATA[ */
/*! This file is auto-generated */
!function(d,l){"use strict";l.querySelector&&d.addEventListener&&"undefined"!=typeof URL&&(d.wp=d.wp||{},d.wp.receiveEmbedMessage||(d.wp.receiveEmbedMessage=function(e){var t=e.data;if((t||t.secret||t.message||t.value)&&!/[^a-zA-Z0-9]/.test(t.secret)){for(var s,r,n,a=l.querySelectorAll('iframe[data-secret="'+t.secret+'"]'),o=l.querySelectorAll('blockquote[data-secret="'+t.secret+'"]'),c=new RegExp("^https?:$","i"),i=0;i<o.length;i++)o[i].style.display="none";for(i=0;i<a.length;i++)s=a[i],e.source===s.contentWindow&&(s.removeAttribute("style"),"height"===t.message?(1e3<(r=parseInt(t.value,10))?r=1e3:~~r<200&&(r=200),s.height=r):"link"===t.message&&(r=new URL(s.getAttribute("src")),n=new URL(t.value),c.test(n.protocol))&&n.host===r.host&&l.activeElement===s&&(d.top.location.href=t.value))}},d.addEventListener("message",d.wp.receiveEmbedMessage,!1),l.addEventListener("DOMContentLoaded",function(){for(var e,t,s=l.querySelectorAll("iframe.wp-embedded-content"),r=0;r<s.length;r++)(t=(e=s[r]).getAttribute("data-secret"))||(t=Math.random().toString(36).substring(2,12),e.src+="#?secret="+t,e.setAttribute("data-secret",t)),e.contentWindow.postMessage({message:"ready",secret:t},"*")},!1)))}(window,document);
/* ]]> */
</script>

Evropskou obchodní akademii Děčín začátkem května navštívila nová radní pro oblast školství, mládeže a&nbsp;sportu Ing. Jindra Zalabáková, která se seznámila se školou a jednotlivými studijními zaměřeními. Zajímala se mimo jiné o vybavení školy, zapojení do projektové činnosti, uplatnění absolventů nebo o spolupráci s&nbsp;místními podniky a organizacemi.&nbsp; Příkladem dobře fungující spolupráce může být ve studijním zaměření [&hellip;]
